{"id":4614,"date":"2021-09-27T17:32:22","date_gmt":"2021-09-27T17:32:22","guid":{"rendered":"http:\/\/www.aromakatalog.at\/?page_id=4614"},"modified":"2021-12-15T13:13:43","modified_gmt":"2021-12-15T13:13:43","slug":"premiummitglied-werden","status":"publish","type":"page","link":"https:\/\/www.aromakatalog.at\/?page_id=4614","title":{"rendered":"Premiummitglied werden"},"content":{"rendered":"\n<p>Viele Vorteile sowie exklusive Inhalte und Pflanzendetails f\u00fcr Mitglieder jederzeit abrufbar.<\/p>\n\n\n\n<!--more-->\n\n\n\n<p>&nbsp;<\/p>\n\n\n\n<div class=\"wp-block-pmpro-membership is-layout-flow wp-block-membership-is-layout-flow\">\n<h2 class=\"wp-block-heading\">Sie sind noch kein Premiummitglied und m\u00f6chten alle Vorteile des Aromakatalog nutzen?<\/h2>\n\n\n\n<div style=\"height:30px\" aria-hidden=\"true\" class=\"wp-block-spacer\"><\/div>\n\n\n<div class=\"wp-block-pmpro-levels-page is-layout-flow wp-block-levels-page-is-layout-flow\">\n\t<div class=\"pmpro\">\n\t\t<section id=\"pmpro_levels\" class=\"pmpro_section\">\n\t\t<div class=\"pmpro_section_content\">\n\t\t\t\t\t\t\t\t<div id=\"pmpro_level_group-1\" class=\"pmpro_card pmpro_level_group\">\n\t\t\t\t\t\t\t\t\t\t\t\t<div class=\"pmpro_card_content\">\n\t\t\t\t\t\t\t\t\t\t\t\t\t\t<table class=\"pmpro_table pmpro_levels_table\">\n\t\t\t\t\t\t\t\t<thead>\n\t\t\t\t\t\t\t\t\t<tr>\n\t\t\t\t\t\t\t\t\t\t<th>Paket<\/th>\n\t\t\t\t\t\t\t\t\t\t<th>Preis<\/th>\t\n\t\t\t\t\t\t\t\t\t\t<th><span class=\"screen-reader-text\">Action<\/span><\/th>\n\t\t\t\t\t\t\t\t\t<\/tr>\n\t\t\t\t\t\t\t\t<\/thead>\n\t\t\t\t\t\t\t\t<tbody>\n\t\t\t\t\t\t\t\t\t\t\t\t\t\t\t\t\t\t<tr id=\"pmpro_level-1\" class=\"pmpro_level\">\n\t\t\t\t\t\t\t\t\t\t<th data-title=\"Paket\">Premium Jahresmitgliedschaft<\/th>\n\t\t\t\t\t\t\t\t\t\t<td data-title=\"Preis\">\n\t\t\t\t\t\t\t\t\t\t\t\t\t\t\t\t\t\t\t\t\t\t\t\t<p class=\"pmpro_level-price\"><strong>99.00&euro; pro Jahr<\/strong>. <\/p>\n\t\t\t\t\t\t\t\t\t\t\t\t\t\t\t\t\t\t\t\t\t\t\t<\/td>\n\t\t\t\t\t\t\t\t\t\t<td>\n\t\t\t\t\t\t\t\t\t\t                \t\n\t\t\t\t\t\t\t\t\t\t\t<a aria-label=\"Select the Premium Jahresmitgliedschaft membership level\" class=\"pmpro_btn pmpro_btn-select\" href=\"https:\/\/www.aromakatalog.at\/?page_id=4956&#038;pmpro_level=1\">Ausw\u00e4hlen<\/a>\n\t\t\t\t\t\t\t\t\t\t\t\t\t\t\t\t\t\t\t\t<\/td>\n\t\t\t\t\t\t\t\t\t<\/tr>\n\t\t\t\t\t\t\t\t\t\t\t\t\t\t\t\t\t\t<tr id=\"pmpro_level-2\" class=\"pmpro_level\">\n\t\t\t\t\t\t\t\t\t\t<th data-title=\"Paket\">Premium Monatsmitgliedschaft<\/th>\n\t\t\t\t\t\t\t\t\t\t<td data-title=\"Preis\">\n\t\t\t\t\t\t\t\t\t\t\t\t\t\t\t\t\t\t\t\t\t\t\t\t<p class=\"pmpro_level-price\"><strong>19.00&euro;<\/strong> und dann <strong>9.00&euro; pro Monat<\/strong>. <\/p>\n\t\t\t\t\t\t\t\t\t\t\t\t\t\t\t\t\t\t\t\t\t\t\t<\/td>\n\t\t\t\t\t\t\t\t\t\t<td>\n\t\t\t\t\t\t\t\t\t\t                \t\n\t\t\t\t\t\t\t\t\t\t\t<a aria-label=\"Select the Premium Monatsmitgliedschaft membership level\" class=\"pmpro_btn pmpro_btn-select\" href=\"https:\/\/www.aromakatalog.at\/?page_id=4956&#038;pmpro_level=2\">Ausw\u00e4hlen<\/a>\n\t\t\t\t\t\t\t\t\t\t\t\t\t\t\t\t\t\t\t\t<\/td>\n\t\t\t\t\t\t\t\t\t<\/tr>\n\t\t\t\t\t\t\t\t\t\t\t\t\t\t\t\t\t<\/tbody>\n\t\t\t\t\t\t\t<\/table>\n\t\t\t\t\t\t<\/div> <!-- end pmpro_card_content -->\n\t\t\t\t\t<\/div> <!-- end pmpro_card -->\n\t\t\t\t\t\t\t<\/div> <!-- end pmpro_section_content -->\n\t<\/section> <!-- end pmpro_section -->\n<\/div> <!-- end pmpro -->\n<\/div>\n\n\n\n<div style=\"height:50px\" aria-hidden=\"true\" class=\"wp-block-spacer\"><\/div>\n\n\n\n<p>Premium Mitglieder genie\u00dfen den <strong>rie\u00dfen Vorteil der Suchmaschine zum schnellen Auffinden von Planzen<\/strong>. Ob in der Familie, in der Aromatherapie oder aus eigenem Interesse spielt keine Rolle. Mit der Suchmaschine finden sie in sekundenschnelle zur richtigen Pflanze. <\/p>\n\n\n\n<p>Die <strong>Suchmaschine <\/strong>unterst\u00fctzt beim Auffinden der gesuchten Planze und deren Anwendungsm\u00f6glichkeiten, Krankheitsbilder, Wirkstoffe und viele mehr.<\/p>\n\n\n\n<p>Es gibt mehrere Suchm\u00f6glichkeiten:<\/p>\n\n\n\n<ul><li>Textsuche <\/li><li>Suche \u00fcber Anwendungsm\u00f6glichkeiten und Empfehlungen<\/li><li>Suche \u00fcber alphabetischen Index<\/li><\/ul>\n\n\n\n<p><\/p>\n\n\n\n<div style=\"height:30px\" aria-hidden=\"true\" class=\"wp-block-spacer\"><\/div>\n\n\n\n<h2 class=\"wp-block-heading\">Wie die Suchmaschine funktioniert<\/h2>\n\n\n\n<p>Sehen Sie anhand des Videos wie einfach und vor allem wie schnell die Suchmaschine funktioniert:<\/p>\n\n\n\n<figure class=\"wp-block-video\"><video controls src=\"http:\/\/www.aromakatalog.at\/wp-content\/uploads\/2021\/12\/Suche_Aromakatalog.webm\"><\/video><\/figure>\n\n\n\n<div style=\"height:30px\" aria-hidden=\"true\" class=\"wp-block-spacer\"><\/div>\n\n\n\n<h2 class=\"wp-block-heading\">Suchmaschine erkl\u00e4rt<\/h2>\n\n\n\n<p>Es kann \u00fcber Textsuche &#8211; wie gewohnt von google &#8211; mit einem Suchbegriff in der Pflanzendatenbank gesucht werden. <\/p>\n\n\n\n<p>Hier am Beispiel &#8222;husten&#8220; erkl\u00e4rt:<\/p>\n\n\n\n<figure class=\"wp-block-image size-full\"><img loading=\"lazy\" decoding=\"async\" width=\"965\" height=\"178\" src=\"http:\/\/www.aromakatalog.at\/wp-content\/uploads\/2021\/12\/image-1.png\" alt=\"\" class=\"wp-image-5506\" srcset=\"https:\/\/www.aromakatalog.at\/wp-content\/uploads\/2021\/12\/image-1.png 965w, https:\/\/www.aromakatalog.at\/wp-content\/uploads\/2021\/12\/image-1-300x55.png 300w, https:\/\/www.aromakatalog.at\/wp-content\/uploads\/2021\/12\/image-1-768x142.png 768w\" sizes=\"(max-width: 965px) 100vw, 965px\" \/><\/figure>\n\n\n\n<h2 class=\"wp-block-heading\">Suchergebnis der Textsuche<\/h2>\n\n\n\n<figure class=\"wp-block-image size-large is-resized\"><img loading=\"lazy\" decoding=\"async\" src=\"http:\/\/www.aromakatalog.at\/wp-content\/uploads\/2021\/12\/image-2-1024x1017.png\" alt=\"\" class=\"wp-image-5507\" width=\"768\" height=\"763\" srcset=\"https:\/\/www.aromakatalog.at\/wp-content\/uploads\/2021\/12\/image-2-1024x1017.png 1024w, https:\/\/www.aromakatalog.at\/wp-content\/uploads\/2021\/12\/image-2-300x298.png 300w, https:\/\/www.aromakatalog.at\/wp-content\/uploads\/2021\/12\/image-2-150x150.png 150w, https:\/\/www.aromakatalog.at\/wp-content\/uploads\/2021\/12\/image-2-768x763.png 768w, https:\/\/www.aromakatalog.at\/wp-content\/uploads\/2021\/12\/image-2-1536x1526.png 1536w, https:\/\/www.aromakatalog.at\/wp-content\/uploads\/2021\/12\/image-2.png 1693w\" sizes=\"(max-width: 768px) 100vw, 768px\" \/><\/figure>\n\n\n\n<div style=\"height:30px\" aria-hidden=\"true\" class=\"wp-block-spacer\"><\/div>\n\n\n\n<h2 class=\"wp-block-heading\">Suche \u00fcber Anwendungsm\u00f6glichkeiten oder Empfehlungen<\/h2>\n\n\n\n<figure class=\"wp-block-image size-large\"><img loading=\"lazy\" decoding=\"async\" width=\"1024\" height=\"166\" src=\"http:\/\/www.aromakatalog.at\/wp-content\/uploads\/2021\/12\/image-4-1024x166.png\" alt=\"\" class=\"wp-image-5509\" srcset=\"https:\/\/www.aromakatalog.at\/wp-content\/uploads\/2021\/12\/image-4-1024x166.png 1024w, https:\/\/www.aromakatalog.at\/wp-content\/uploads\/2021\/12\/image-4-300x49.png 300w, https:\/\/www.aromakatalog.at\/wp-content\/uploads\/2021\/12\/image-4-768x125.png 768w, https:\/\/www.aromakatalog.at\/wp-content\/uploads\/2021\/12\/image-4.png 1505w\" sizes=\"(max-width: 1024px) 100vw, 1024px\" \/><\/figure>\n\n\n\n<div style=\"height:30px\" aria-hidden=\"true\" class=\"wp-block-spacer\"><\/div>\n\n\n\n<h2 class=\"wp-block-heading\">Suche nach Alphabet <\/h2>\n\n\n\n<figure class=\"wp-block-image size-large\"><img loading=\"lazy\" decoding=\"async\" width=\"1024\" height=\"553\" src=\"http:\/\/www.aromakatalog.at\/wp-content\/uploads\/2021\/12\/image-5-1024x553.png\" alt=\"\" class=\"wp-image-5510\" srcset=\"https:\/\/www.aromakatalog.at\/wp-content\/uploads\/2021\/12\/image-5-1024x553.png 1024w, https:\/\/www.aromakatalog.at\/wp-content\/uploads\/2021\/12\/image-5-300x162.png 300w, https:\/\/www.aromakatalog.at\/wp-content\/uploads\/2021\/12\/image-5-768x414.png 768w, https:\/\/www.aromakatalog.at\/wp-content\/uploads\/2021\/12\/image-5-1536x829.png 1536w, https:\/\/www.aromakatalog.at\/wp-content\/uploads\/2021\/12\/image-5.png 1827w\" sizes=\"(max-width: 1024px) 100vw, 1024px\" \/><\/figure>\n\n\n\n<div style=\"height:70px\" aria-hidden=\"true\" class=\"wp-block-spacer\"><\/div>\n\n\n\n<p> Der Inhalt des Aromakatalogs wird st\u00e4ndig erweitert und gepflegt.  <\/p>\n\n\n\n<p><\/p>\n\n\n\n<p><\/p>\n\n\n\n<div style=\"height:50px\" aria-hidden=\"true\" class=\"wp-block-spacer\"><\/div>\n\n\n\n<h2 class=\"wp-block-heading\">W\u00e4hlen Sie Ihr Paket<\/h2>\n\n\n\n<p>Der angegebene Preis ist inkl. USt und g\u00fcltig f\u00fcr den angef\u00fchrten Zeitraum. Das Abo ist jederzeit k\u00fcndbar.<\/p>\n\n\n<div class=\"wp-block-pmpro-levels-page is-layout-flow wp-block-levels-page-is-layout-flow\">\n\t<div class=\"pmpro\">\n\t\t<section id=\"pmpro_levels\" class=\"pmpro_section\">\n\t\t<div class=\"pmpro_section_content\">\n\t\t\t\t\t\t\t\t<div id=\"pmpro_level_group-1\" class=\"pmpro_card pmpro_level_group\">\n\t\t\t\t\t\t\t\t\t\t\t\t<div class=\"pmpro_card_content\">\n\t\t\t\t\t\t\t\t\t\t\t\t\t\t<table class=\"pmpro_table pmpro_levels_table\">\n\t\t\t\t\t\t\t\t<thead>\n\t\t\t\t\t\t\t\t\t<tr>\n\t\t\t\t\t\t\t\t\t\t<th>Paket<\/th>\n\t\t\t\t\t\t\t\t\t\t<th>Preis<\/th>\t\n\t\t\t\t\t\t\t\t\t\t<th><span class=\"screen-reader-text\">Action<\/span><\/th>\n\t\t\t\t\t\t\t\t\t<\/tr>\n\t\t\t\t\t\t\t\t<\/thead>\n\t\t\t\t\t\t\t\t<tbody>\n\t\t\t\t\t\t\t\t\t\t\t\t\t\t\t\t\t\t<tr id=\"pmpro_level-1\" class=\"pmpro_level\">\n\t\t\t\t\t\t\t\t\t\t<th data-title=\"Paket\">Premium Jahresmitgliedschaft<\/th>\n\t\t\t\t\t\t\t\t\t\t<td data-title=\"Preis\">\n\t\t\t\t\t\t\t\t\t\t\t\t\t\t\t\t\t\t\t\t\t\t\t\t<p class=\"pmpro_level-price\"><strong>99.00&euro; pro Jahr<\/strong>. <\/p>\n\t\t\t\t\t\t\t\t\t\t\t\t\t\t\t\t\t\t\t\t\t\t\t<\/td>\n\t\t\t\t\t\t\t\t\t\t<td>\n\t\t\t\t\t\t\t\t\t\t                \t\n\t\t\t\t\t\t\t\t\t\t\t<a aria-label=\"Select the Premium Jahresmitgliedschaft membership level\" class=\"pmpro_btn pmpro_btn-select\" href=\"https:\/\/www.aromakatalog.at\/?page_id=4956&#038;pmpro_level=1\">Ausw\u00e4hlen<\/a>\n\t\t\t\t\t\t\t\t\t\t\t\t\t\t\t\t\t\t\t\t<\/td>\n\t\t\t\t\t\t\t\t\t<\/tr>\n\t\t\t\t\t\t\t\t\t\t\t\t\t\t\t\t\t\t<tr id=\"pmpro_level-2\" class=\"pmpro_level\">\n\t\t\t\t\t\t\t\t\t\t<th data-title=\"Paket\">Premium Monatsmitgliedschaft<\/th>\n\t\t\t\t\t\t\t\t\t\t<td data-title=\"Preis\">\n\t\t\t\t\t\t\t\t\t\t\t\t\t\t\t\t\t\t\t\t\t\t\t\t<p class=\"pmpro_level-price\"><strong>19.00&euro;<\/strong> und dann <strong>9.00&euro; pro Monat<\/strong>. <\/p>\n\t\t\t\t\t\t\t\t\t\t\t\t\t\t\t\t\t\t\t\t\t\t\t<\/td>\n\t\t\t\t\t\t\t\t\t\t<td>\n\t\t\t\t\t\t\t\t\t\t                \t\n\t\t\t\t\t\t\t\t\t\t\t<a aria-label=\"Select the Premium Monatsmitgliedschaft membership level\" class=\"pmpro_btn pmpro_btn-select\" href=\"https:\/\/www.aromakatalog.at\/?page_id=4956&#038;pmpro_level=2\">Ausw\u00e4hlen<\/a>\n\t\t\t\t\t\t\t\t\t\t\t\t\t\t\t\t\t\t\t\t<\/td>\n\t\t\t\t\t\t\t\t\t<\/tr>\n\t\t\t\t\t\t\t\t\t\t\t\t\t\t\t\t\t<\/tbody>\n\t\t\t\t\t\t\t<\/table>\n\t\t\t\t\t\t<\/div> <!-- end pmpro_card_content -->\n\t\t\t\t\t<\/div> <!-- end pmpro_card -->\n\t\t\t\t\t\t\t<\/div> <!-- end pmpro_section_content -->\n\t<\/section> <!-- end pmpro_section -->\n<\/div> <!-- end pmpro -->\n<\/div>\n<\/div>\n\n\n\n<div style=\"height:50px\" aria-hidden=\"true\" class=\"wp-block-spacer\"><\/div>\n\n\n\n<p><\/p>\n\n\n\n\n\n<p><\/p>\n","protected":false},"excerpt":{"rendered":"<p>Viele Vorteile sowie exklusive Inhalte und Pflanzendetails f\u00fcr Mitglieder jederzeit abrufbar.<\/p>\n","protected":false},"author":2,"featured_media":5035,"parent":4607,"menu_order":0,"comment_status":"closed","ping_status":"closed","template":"","meta":{"pmpro_default_level":"","footnotes":""},"_links":{"self":[{"href":"https:\/\/www.aromakatalog.at\/index.php?rest_route=\/wp\/v2\/pages\/4614"}],"collection":[{"href":"https:\/\/www.aromakatalog.at\/index.php?rest_route=\/wp\/v2\/pages"}],"about":[{"href":"https:\/\/www.aromakatalog.at\/index.php?rest_route=\/wp\/v2\/types\/page"}],"author":[{"embeddable":true,"href":"https:\/\/www.aromakatalog.at\/index.php?rest_route=\/wp\/v2\/users\/2"}],"replies":[{"embeddable":true,"href":"https:\/\/www.aromakatalog.at\/index.php?rest_route=%2Fwp%2Fv2%2Fcomments&post=4614"}],"version-history":[{"count":38,"href":"https:\/\/www.aromakatalog.at\/index.php?rest_route=\/wp\/v2\/pages\/4614\/revisions"}],"predecessor-version":[{"id":5524,"href":"https:\/\/www.aromakatalog.at\/index.php?rest_route=\/wp\/v2\/pages\/4614\/revisions\/5524"}],"up":[{"embeddable":true,"href":"https:\/\/www.aromakatalog.at\/index.php?rest_route=\/wp\/v2\/pages\/4607"}],"wp:featuredmedia":[{"embeddable":true,"href":"https:\/\/www.aromakatalog.at\/index.php?rest_route=\/wp\/v2\/media\/5035"}],"wp:attachment":[{"href":"https:\/\/www.aromakatalog.at\/index.php?rest_route=%2Fwp%2Fv2%2Fmedia&parent=4614"}],"curies":[{"name":"wp","href":"https:\/\/api.w.org\/{rel}","templated":true}]}}